 6*b - 5. Let j(w) = -3*d(w) - 8*x(w). Let s be j(-3). Is ((-2)/(-4))/(s/466) composite?
False
Suppose -9*j + 1102 = 4117. Let d = j + 856. Is d prime?
True
Suppose -2*u + 8 = 4*q, -2*u - 2*u = -5*q + 36. Let p(w) = 33*w**2 + 4*w - 5. Let v be p(-6). Suppose -v - 106 = -t - 3*a, -q*a - 6287 = -5*t. Is t prime?
True
Let c = -7950 - -12668. Let p = -3159 + c. Is p prime?
True
Let f(j) = 8*j**3 + 30*j**2 + 14*j + 10. Let x be f(-9). Let c = -1191 - x. Is c composite?
True
Suppose 5*d + 9 = 8*d. Suppose 44*u = -d*u + 2112791. Is u a composite number?
False
Suppose -11889 = -12*f + 6807. Let p = -861 + f. Is p a prime number?
False
Let l(m) = -7*m**2 - 25*m + 21. Let u be l(23). Let d = u - -1942. Let i = d - -3384. Is i a composite number?
False
Let o be (0/6)/(3 + (-4 - -3)). Suppose y = 3*y - d - 3278, y - 2*d - 1639 = o. Is y a prime number?
False
Let v(o) = 17*o**2 + 33*o - 201. Is v(-37) composite?
False
Let g be (1 + -3)/((-1304)/(-184) - 7). Is 1507*5 - (g - -15) a composite number?
True
Let k be ((-9 - -5) + 4)/2. Suppose a + f - 379 = k, -3*a + 1141 = -3*f + 4*f. Is a prime?
False
Suppose 0 = -118*l + 112*l + 152862. Is l a prime number?
False
Let i(q) = q**3 + 7*q**2 + 8*q + 7. Suppose 4*v + 3*v = -42. Let g be i(v). Let s(u) = -5*u**3 - 8*u**2 - 2*u + 8. Is s(g) a prime number?
True
Suppose -7*f + 3*f + 2*m = -10558, f = -5*m + 2656. Let d = -3735 + f. Is (0 + d/(-6))/(31/186) a prime number?
False
Let c(u) = 26*u**2 + 2*u - 83. Let q be (63/3)/((-7)/(-14)*-2). Is c(q) prime?
False
Let v(o) = 25*o**2 - 2*o - 6. Let n(m) = -74*m**2 + 6*m + 18. Let f(z) = 4*n(z) + 11*v(z). Let s be f(-5). Is 6/8 + s/(-4) a composite number?
True
Let f = 559173 + -329036. Is f a composite number?
False
Suppose -21*o = -20*o - 50. Let g = 52 - o. Suppose 4*q + 20 = 0, -3*a + g*q = -0*q - 1321. Is a composite?
True
Let m(w) = -387*w - 21. Let d = 50 + -54. Is m(d) prime?
False
Suppose -3*k + 1101 = 222. Suppose -d + 375 = -k. Suppose -d = 34*n - 36*n. Is n a prime number?
False
Let f = 977908 - 561249. Is f a prime number?
True
Let u(s) = -19*s**3 - s**2 + 7*s - 10. Let m(z) = 18*z**3 + 3*z**2 - 5*z + 11. Let q(l) = 3*m(l) + 2*u(l). Is q(5) a prime number?
False
Suppose 0 = 10*d - 23 - 97. Is (1931/(-2))/((-6)/d) a composite number?
False
Let s = 354 + -352. Is (-1238230)/(-126) + ((-16)/36)/s composite?
True
Let h(r) = r**2 - 4*r + 3389. Let w(n) = 5*n + 0*n**2 + 8 + n**2 - 22. Let b be w(-7). Is h(b) prime?
True
Let r = 9731 + 51160. Is r prime?
False
Let p = -435784 + 617571. Is p composite?
False
Let v be (0 - (-4)/(-8))/1*-6. Let a(h) = 1 - 4*h**3 - h + 18*h**2 + 6*h**v - 11*h**2. Is a(6) a composite number?
True
Is (-44)/(-759)*23*(0 + (-3363573)/(-4)) prime?
True
Let g(w) = -14*w - 12. Let s be g(12). Let l = s + 409. Suppose -3*h + 137 = -l. Is h prime?
False
Let f be (0/(-11)*-1*1)/2. Suppose 4*t - 1644 + 224 = f. Suppose 3*n + 4*s = 446 + t, 2*s = 5*n - 1335. Is n a prime number?
False
Is (-6 - 631302/(-18)) + (-10)/(-15)*4 prime?
True
Let s be 8/(-2) - 180/(-2). Let h be s/(3/(4 - 10)). Let x = -95 - h. Is x a prime number?
False
Suppose -4*k + 65003 = 3*v - 54668, 4*k - v = 119667. Is k composite?
False
Suppose -u + 15 = 3*v, -6*v = 3*u - v - 29. Suppose 0 = 3*l + 3*k - 29240 - 6454, -u*l + 5*k = -35734. Is l a composite number?
False
Let k = 682836 - 445869. Is k composite?
True
Suppose -2*j - 38*w = -41*w - 163030, -2*j + 163014 = w. Is j a prime number?
True
Suppose 2*o + 3*w = 39140, 8*o = 11*o - w - 58699. Is o a prime number?
False
Suppose -v + 5257 = -5*b, v + 3*b - 5233 = -0*b. Let o = 9393 - v. Is o a prime number?
False
Let v be -26*(1 + 244/8). Let b = -578 - v. Suppose -b = -c + 76. Is c composite?
False
Let w(v) = -10*v**3 + 3*v**2 - 2*v. Let f be w(1). Is (-4533)/f*(-3)/(-1) a composite number?
False
Let c = -20 + 31. Let h = c + -8. Suppose -h*p = 4*p - 24423. Is p composite?
True
Let c = -757013 + 1952974. Is c a prime number?
False
Let v(o) = -o**2 + 16*o + 20. Let x be v(17). Suppose x*g - 3709 = 8258. Is g a prime number?
True
Let q(t) = 1226*t**2 + 82*t + 225. Is q(20) composite?
True
Let s(u) = 2*u**3 - 7*u**2 + 19*u - 571. Is s(44) a prime number?
True
Let f be ((-445)/10)/(2/(-12)). Suppose 271*k - 10072 = f*k. Is k prime?
False
Let s = 87 + -27. Let c = 48 - s. Is c/(-24) + 373/2 composite?
True
Let m(g) = -3101*g**3 + 164*g**2 - 5*g + 59. Is m(-7) prime?
True
Is 754866/(-2 - -9) + 0 + 2 + -3 a composite number?
False
Suppose 3*x - 13 + 49 = 0. Let d(r) = -3*r**3 - r**2 + 12*r - 16. Let y be d(x). Suppose -4*v = 2*k - 2*v - y, -v = 3*k - 7314. Is k composite?
False
Suppose 0 = -28*z - 2769 + 25001. Suppose z*v - 785*v - 38439 = 0. Is v prime?
True
Suppose -2*m + 4*o - 3483627 = -5*m, -9*m - 3*o = -10450908. Is m prime?
False
Suppose 11*f + 168505 - 622970 = 0. Is f composite?
True
Let z be ((-16)/22)/(-4) - (-134)/(-11). Let d be 725 - (z - -11)*4/(-2). Suppose 3*w - d - 1038 = 0. Is w prime?
True
Is 99318/2*(36/(-54) + 5) a composite number?
True
Let q(v) = -20*v**3 + 5*v**2 - 4*v - 2. Suppose -5*m - 5 = -5*j, 3*j + m + 17 = -0*m. Let y be q(j). Let w = y + -743. Is w a composite number?
False
Suppose 21*x + 131478 = 927096 + 276621. Is x a composite number?
False
Is (-18 + (14 - 0))*153262*(-3)/24 a composite number?
False
Suppose 0 = -4*b + 2*t - 0 + 10, -5*b + 20 = -t. Suppose 789 = b*c + 139. Suppose 0 = -5*p - 5*k + c, -3*k - 10 = -k. Is p a composite number?
False
Let a = 102017 - -220664. Is a a prime number?
False
Suppose 308312 - 14673140 = -36*x. Is x a prime number?
True
Let y be -3 + (4 - -16042) - (-2)/1. Suppose 0*i - 3*i - y = -2*w, 0 = 5*i - 15. Is w a prime number?
False
Suppose 351*a - 375170 - 970213 = 0. Is a composite?
False
Is ((-51787034)/260 - 2/20)/(2 + -3) a composite number?
False
Suppose -10*p - 1 + 21 = 0. Suppose p*h + 2*k - 20 = -h, 4*k - 4 = 3*h. Suppose 51 = h*o + g - 79, -4*o = 2*g - 128. Is o a prime number?
False
Suppose 4*v + o - 3968 = 0, -v + 5*o = -2*v + 973. Let x = 3092 - v. Is x a composite number?
False
Let w be -4 - (-4 + 2 - 8). Let m be 4/w - 8/(-6). Suppose 0 = m*x - 2*f - 0*f - 610, -1527 = -5*x + 4*f. Is x prime?
True
Suppose -8*u + 40 = -0*u. Let b be (1/(-1))/((-4)/46460*u). Let m = b + -962. Is m a composite number?
False
Let r = 158 - 142. Is 1873*((-8)/(-18))/(r/72) a composite number?
True
Let a = 8903 + 1230. Is a a composite number?
False
Let o(p) = 13*p**2 + 2*p - 2. Let f be o(6). Suppose 5*a + 4*d = 3975, 3*d - 4517 + 537 = -5*a. Let s = a - f. Is s a composite number?
True
Is (3 + ((-6)/4 - -4 - 6))*-389858 a composite number?
True
Let a(o) = -4*o + 551 + 2*o**2 - 15*o - o**2 - 680. Is a(-46) a composite number?
False
Let w(b) = 6 - 2 + 3 + b**2 + 9*b**2 + 8*b. Is w(10) composite?
False
Is (4/6 + 5/(-3))/((-931)/117467063) a prime number?
True
Suppose 24 = 135*a - 134*a. Is a/(-108) - 88863/(-27) prime?
False
Let z = 47193 - -224408. Is z prime?
False
Let a = 29183 - -134506. Is a a composite number?
True
Suppose -2*i - 3*k + 30886 = 0, 3*i - 16*k + 19*k = 46323. Is i a prime number?
False
Let u be (1/(20/24))/(2/5). Suppose -2*r + 5147 = -u*j, 0 = -r - 3*j + 2248 + 312. Is r prime?
False
Let s be (-2)/7 - 325/(-35). Suppose 0 = -s*m + 2198 + 5965. Is m composite?
False
Suppose 249374 = 10*r - 7*r - 847444. Is r a composite number?
True
Let k be (4 - 6/2)*(-8 + 8). Suppose k = -10*g + 15*g - 20365. Is g a composite number?
False
Suppose 36*u - 39 - 933 = 0. Suppose u*b - 35761 = 16*b. Is b a composite number?
False
Suppose -3*z - 295887 = -5*q, -118338 = 27*q - 29*q - 3*z. Let h = q + -27190. Is h composite?
True
Let a = 22 - 2. Suppose -14*g + 10*g + a = 0, 0 = 3*w + 4*g - 161. Is w a composite number?
False
Let t = -7 + 20. Suppose y + t = 16. Suppose -4*a + 391 = 5*r, y*r - 232 = -0*r - 5*a. Is r a prime number?
True
Let i(o) = -o**3 - 22*o**2 + 2*o + 51. Let d be i(-22). Suppose -3*p = -8 - d. Suppose -4*h - h = -5*z - 6130, 0 = -h + p*z + 1238. Is h prime?
True
Let x be 1 - (1/1 - 3). Suppose x*z + 94110 = 33*z. Is z composite?
False
Let a = -163190 + 238233. Is a a prime number?
False
Suppose -5*l + 550 = -235. Let o = 610 + l. Is o composite?
True
Suppose 2*n + 478 = 5*y - y, 3*n + 713 = 4*y. Is (-107066)/(-6) + n/(-141) prime?
False
Let r be (6 - 1